 6*p**2 - 5*p + 11. Let g be j(-5). What is the highest common factor of r and g?
11
Let l be (-1606)/(-88) - (-4)/(-16). Calculate the greatest common factor of l and 945.
9
Let z(c) = -c + 5. Let v(r) = -r**3 + 4*r**2 - 3*r + 3. Let f be v(3). Let s be z(f). Calculate the greatest common divisor of 14 and s.
2
Let q = -856 + 1080. What is the greatest common divisor of q and 7?
7
Let w(i) = -i - 22. Let v be w(-29). Suppose 4*a = -v*a + 66. What is the highest common factor of 14 and a?
2
Suppose -3*d = -3*l - 2*d + 62, l - 5*d - 16 = 0. What is the highest common factor of l and 483?
21
Suppose 1 = -a + 24. Let v = 41 - a. Suppose u - 4*t = 2*u - 5, 3*u - 28 = t. Calculate the greatest common factor of v and u.
9
Let c be 3566/12 + (-29)/174. What is the highest common factor of c and 11?
11
Let y be (-117)/(-24) - (-4)/32. Let m(a) = a**3 + 4*a**2 - a + 1. Let i be m(-4). Calculate the highest common divisor of y and i.
5
Let g(l) = -4*l**2 - 10*l - 19. Let c be g(-8). Let n = -24 - c. Suppose 3*z - 47 = 10. Calculate the greatest common factor of n and z.
19
Let q = -18 - -12. Let k be 0 + q/3*-1. Suppose -8*c + 16*c - 16 = 0. What is the highest common factor of k and c?
2
Suppose 4*l - 24 = l. Suppose -4*s + 7 + 1 = 0. Suppose 0 = -s*c + 3 + 13. Calculate the highest common divisor of c and l.
8
Let n be 6/9*(-4 + 88). Calculate the greatest common factor of n and 28.
28
Let k(m) = -m**3 - 3*m**2 - 5. Let w be k(-3). Let y(p) = 3*p**2 + 7*p + 2. Let j be y(w). Calculate the greatest common divisor of 6 and j.
6
Suppose -490 = -4*d - 386. What is the greatest common divisor of 91 and d?
13
Suppose 0 = 4*r + 5*k - 480, -3*r + 2*k - k + 379 = 0. Suppose 2*m - 8*f = -7*f + 102, 2*m + 5*f = 90. Calculate the greatest common factor of m and r.
25
Suppose -b + 10 = s, 2*s - 10 = 16*b - 8*b. Suppose -6*z + 360 = -z. Calculate the highest common factor of z and s.
9
Let d(a) = 62*a - 183. Let w be d(3). What is the greatest common factor of 123 and w?
3
Let v(m) = -20*m**3 - 2*m - 2. Suppose 5*y + 7*a - 2*a = -5, -5*a = y + 1. Let k be v(y). What is the highest common factor of k and 160?
20
Suppose -2*l + 44 = -280. What is the greatest common factor of 189 and l?
27
Let o be -3 - -4 - (-112)/(8 + -4). Suppose 2*q + q - 220 = -c, -680 = -3*c - 4*q. Calculate the highest common factor of c and o.
29
Let a be 11 + 1 - (-3 + 5). Let h(k) = 8*k + 12. Let u be h(a). Let p be (-2)/7 + u/28. Calculate the highest common divisor of 3 and p.
3
Let b(r) = -1 - 3*r**2 - 9*r - 6*r**2 + 11*r**2 + 2. Let d be b(7). Let h(c) = -3*c - 3. Let o be h(-4). What is the greatest common factor of o and d?
9
Let y be -2 + -10 - (-5 + -379). What is the greatest common divisor of 120 and y?
12
Let n = -71 + 83. Suppose 0 = -2*g - 0*g - 3*a + 9, 2*g - 15 = 3*a. Calculate the highest common divisor of n and g.
6
Let q = -884 - -888. Calculate the highest common factor of q and 428.
4
Let g(k) be the second derivative of 3*k**4/2 - 2*k**3/3 - 4*k**2 + 3*k. Let s be g(-2). What is the highest common factor of s and 8?
8
Let u = 761 + -527. What is the highest common factor of 36 and u?
18
Let z = 1920 + -731. Calculate the greatest common divisor of 29 and z.
29
Let s be (15 - -1) + 1 + -2. Let n be 35/(-10)*(1 - 3). Let i = 13 - n. What is the greatest common factor of i and s?
3
Let i be 16 - (-4 - -24)/5. Suppose i*a = 14*a - 18. Calculate the greatest common factor of a and 45.
9
Let m be (-404)/(-18) + 452/(-1017). Calculate the highest common factor of m and 704.
22
Let v = -244 + 640. What is the greatest common factor of v and 11?
11
Suppose 5*d + 146 = -5*m + 621, -m + 3 = 0. Calculate the greatest common factor of 828 and d.
92
Let w(t) = 3*t**2 + 9*t. Let o be w(-4). Let z be o/(-16) + 155/20. What is the highest common divisor of 1 and z?
1
Let t(z) be the first derivative of 9*z**4/4 + z**3/3 - z**2 + z - 13. Let o be t(1). Calculate the highest common divisor of o and 27.
9
Let c = -60 + 90. What is the highest common divisor of c and 270?
30
Suppose -15 = -5*s, -8*s = -2*w - 11*s + 51. Calculate the greatest common factor of 49 and w.
7
Let b = -34 - -1. Let u be b/(-2)*6/9. Let h(y) = -y**3 + 10*y**2 + 14*y - 7. Let a be h(u). What is the greatest common divisor of a and 13?
13
Let k(b) = -22*b**3 - b**2. Let p be k(-1). What is the highest common factor of p and 693?
21
Let i be (-85789)/(-33) - 3/(-9)*1. Calculate the greatest common factor of 104 and i.
104
Let x(h) = -2*h**2 - 2. Let v be x(-2). Let r(p) = -28*p + 17. Let g be r(v). What is the greatest common factor of 33 and g?
33
Suppose 5*p = 171 + 179. Suppose -3*b - 16 = -w - b, -4*w + 3*b + 84 = 0. Let a be ((-60)/(-16))/(9/w). What is the highest common divisor of p and a?
10
Let c be (-16)/(-72) + 32/18. Calculate the greatest common divisor of c and 46.
2
Let g = 0 - -22. Let l = -21 + g. Suppose -2*u - 3*u = -15. Calculate the highest common divisor of u and l.
1
Let p be 3*(10 - 3 - 0). Suppose -z + 2*l = 4*l + p, z + 9 = 2*l. Let q = -12 - z. What is the highest common factor of q and 33?
3
Let h(w) = 9 - 87*w**2 - 7*w + w + 86*w**2. Let n be h(-5). Calculate the greatest common divisor of n and 2.
2
Let j be (6/15)/(-1) - 66/(-15). Suppose g + 57 = j*g. What is the highest common factor of 209 and g?
19
Suppose 3*b = 418 + 155. Suppose -g - b = -741. Calculate the greatest common factor of g and 50.
50
Let f = 172 + -161. What is the highest common factor of 55 and f?
11
Suppose -19*s = 5*s - 2400. Suppose 3*g - 212 = -5*p, -96 = -5*p + 3*p - 4*g. Calculate the greatest common divisor of p and s.
20
Let j be (-2)/3 - 48/9. Let t = j + 9. Suppose -2*r + t*c = -19, -4*c = 4*r - 3*r - 37. Calculate the highest common divisor of r and 187.
17
Let x(t) = -t**3 + 7*t**2 + 3*t - 16. Let y be x(7). Suppose -2*m = 2*m. Let l = 2 + m. What is the highest common divisor of y and l?
1
Let z(k) = 2*k + 3*k + k**2 - 4 - 3*k - 1. Let x be z(2). What is the highest common divisor of x and 1?
1
Let l = 48 + -33. Suppose -l = -x + 10. What is the highest common factor of x and 10?
5
Let r = 24 + -21. Suppose r*m = 10*m - 147. What is the highest common divisor of m and 14?
7
Let a(x) = -x**2 - 11*x - 8. Let z be a(-10). Let i be z - 0 - (-8 - 2). Let b be 5*1*(-24)/(-5). What is the highest common factor of i and b?
12
Let s(z) = 14*z - 20*z - 22 + 9*z. Let p be s(12). Calculate the highest common divisor of p and 2.
2
Let g(o) = -36*o + 11. Let y(s) = -35*s + 10. Let h(x) = -5*g(x) + 4*y(x). Let u be h(7). What is the highest common factor of u and 106?
53
Suppose 5*y + 3*r - 463 = 0, -38 - 52 = -y + 2*r. Let b = y - 60. Calculate the greatest common factor of 48 and b.
16
Let l = 44 - 40. Suppose 0 = l*d - 3*j - 192, -3*j = -8 - 4. Calculate the highest common divisor of 34 and d.
17
Let h be (4 - 2 - -10) + 4. Suppose 5*r = -5*a + 5, 3*r - 4*r = 0. Let m(j) = j + 1. Let f be m(a). What is the highest common divisor of h and f?
2
Let j(c) = -c**3 + 21*c**2 + 20*c + 61. Let z be j(22). Suppose 0 + 17 = f. Calculate the greatest common factor of z and f.
17
Let c(m) = -3*m - 3. Let g(z) = -z**2 - 1. Let n be g(3). Let y(w) = 3*w + 21. Let r be y(n). Let p be c(r). What is the highest common divisor of 3 and p?
3
Suppose 4*q - 14 = 2. Let p(d) = d + 24. Let y be p(-20). Suppose -y*g = -4*v + 164, 157 = 4*v - 0*g + 3*g. What is the greatest common factor of v and q?
4
Let n(i) = i**3 - 10*i**2 + 9*i + 5. Let x = -25 + 27. Let w be (-18)/(-4)*x - -1. Let y be n(w). Calculate the highest common factor of 38 and y.
19
Let i(q) = q**2 + 5*q - 8. Let s be i(-7). Suppose -s*k + 40 = -38. Calculate the highest common divisor of k and 143.
13
Let z be (3 - -4)*(-5 - -7). Let h = 26 - z. Let r be 1 - (-82 - 1)/1. What is the greatest common divisor of h and r?
12
Let j = 713 - 705. Calculate the highest common factor of 20 and j.
4
Suppose -5*f = 2*x - 9, 1 = 2*x - 5*f + 2. Suppose 45 = -0*t - 3*t. Let p = 37 + t. Calculate the greatest common divisor of p and x.
2
Suppose -2*l - 108 = -6*l. Let u = 43 - l. What is the highest common divisor of u and 8?
8
Let o = -3 + 20. Suppose -4*l + 95 = -3*x - 2*x, x - o = -l. What is the greatest common factor of 20 and l?
20
Let q be 50 - (-3 + (8 - 15)). What is the high